rt 213320111 (base 4) to base 14.
4375b
Convert -63b90 (base 12) to base 11.
-8a707
What is 5b531 (base 12) in base 5?
12422240
Convert 399507 (base 10) to base 15.
7d58c
188b335 (base 14) to base 15
110601a
What is -100011110111100 (base 2) in base 9?
-27164
-2322121323 (base 4) to base 12
-309a23
120120022 (base 3) to base 6
124312
10100100011111000 (base 2) to base 14
22996
Convert 7c9be (base 15) to base 14.
a49cb
Convert ee6a3 (base 16) to base 10.
976547
What is 1679b (base 15) in base 7?
421436
Convert 25133405 (base 8) to base 12.
1a38a85
Convert -300222300 (base 5) to base 7.
-13012234
What is 1250656 (base 10) in base 3?
2100112120121
What is 453e (base 16) in base 12?
a312
What is 45433 (base 11) in base 13?
23bcb
Convert -1133301211 (base 4) to base 16.
-5fc65
What is -22323 (base 13) in base 4?
-33021210
Convert 3fc17 (base 16) to base 13.
91b2c
Convert 3311280 (base 9) to base 3.
10100101022200
-39908 (base 10) to base 12
-1b118
Convert -e5d6b8 (base 16) to base 2.
-111001011101011010111000
What is 201447 (base 15) in base 10?
1523092
What is 1552764 (base 9) in base 3?
1121202212011
What is 82a844 (base 13) in base 6?
145220140
-329144 (base 10) to base 6
-11015452
Convert 1101201120 (base 3) to base 16.
6b6d
Convert -65c650 (base 14) to base 4.
-31023010032
Convert e7a6e (base 16) to base 12.
399126
What is 30071 (base 9) in base 6?
231231
Convert -221210022210 (base 3) to base 16.
-7bee5
What is cdd8e (base 16) in base 10?
843150
What is -1302310302 (base 4) in base 8?
-1626462
Convert -2135123 (base 8) to base 9.
-1061551
Convert 142100402 (base 5) to base 8.
2640502
What is 2140440 (base 5) in base 10?
36995
Convert -327285 (base 10) to base 12.
-139499
Convert -1379095 (base 13) to base 10.
-6160510
What is -12030101112 (base 4) in base 3?
-10001110111210
What is 244c00 (base 14) in base 16?
12f610
Convert 510377 (base 8) to base 13.
5b72a
Convert 111010120122221 (base 3) to base 16.
6a7e81
Convert 26a94 (base 12) to base 15.
10c47
-a8bfcf (base 16) to base 14
-167c435
What is 25167a (base 11) in base 9?
665172
What is -177843 (base 12) in base 11?
-258aa8
What is 1a471 (base 11) in base 2?
110111101100001
10316516 (base 7) to base 4
3112201121
Convert 26741218 (base 9) to base 16.
c95747
Convert c8dc62 (base 16) to base 7.
216613616
Convert -15230505 (base 6) to base 13.
-1586ba
What is 13013213 (base 4) in base 15?
898e
Convert 10100101000001110 (base 2) to base 14.
22b14
-112541a (base 12) to base 15
-44d751
Convert -11110101110010011010 (base 2) to base 5.
-224203441
93ca (base 14) to base 8
61566
32927a (base 11) to base 3
222122210221
1472440 (base 8) to base 10
423200
What is -2103432 (base 5) in base 16?
-8833
What is -120030314 (base 5) in base 14?
-104026
Convert 24caad1 (base 14) to base 9.
36268114
Convert -75083 (base 15) to base 7.
-3104502
2dc2d1 (base 14) to base 11
9a9597
Convert -56621 (base 7) to base 2.
-11100000100100
Convert 1023330222 (base 4) to base 3.
120210201120
Convert -5357127 (base 8) to base 11.
-899847
What is -66ab1 (base 13) in base 2?
-101101100000001110
Convert -5161268 (base 9) to base 5.
-1201202243
Convert 3e53c3 (base 16) to base 13.
b0028a
-1343356 (base 7) to base 4
-223223023
Convert -4abe1 (base 15) to base 3.
-110010202111
Convert 3310314 (base 5) to base 11.
39881
5156156 (base 7) to base 14
12192d
Convert 11010110110010100 (base 2) to base 14.
2c112
What is 2504079 (base 11) in base 8?
20467373
Convert -110101010210 (base 3) to base 15.
-4c293
What is -1022012020112 (base 3) in base 9?
-1265215
56009 (base 11) to base 6
1423532
Convert -102a02 (base 11) to base 8.
-502075
Convert 47522 (base 12) to base 15.
1d5ab
1001111011011101100 (base 2) to base 11
202499
-2110022221110 (base 3) to base 16
-13ebfd
What is 218031 (base 9) in base 13?
4753c
-35573703 (base 9) to base 15
-17cab46
What is 152722 (base 15) in base 2?
11111001001110111001
What is -90ca09 (base 13) in base 5?
-1330312300
Convert da3 (base 14) to base 12.
1683
144416 (base 9) to base 16
159e4
Convert -10553350 (base 7) to base 6.
-31422534
-155518 (base 9) to base 3
-11212120122
What is 20252022 (base 6) in base 15?
b7835
201022121021210 (base 3) to base 5
10112013332
55cc7b (base 14) to base 16
2c80ed
What is 25456663 (base 7) in base 3?
11100201021101
What is -2241353 (base 7) in base 16?
-44204
258a6e (base 15) to base 12
72a465
Convert 17433c (base 13) to base 6.
20235450
Convert 4cb60 (base 13) to base 10.
142545
Convert 11231212022 (base 4) to base 7.
15504560
What is -ab11 (base 12) in base 9?
-27804
What is 11210202022121 (base 3) in base 8?
11574077
4176421 (base 9) to base 2
1000100001110001000001
What is 2632956 (base 11) in base 4?
101120211223
Convert -20300111203 (base 4) to base 9.
-4277304
Convert 16854 (base 11) to base 3.
1012110002
What is -2a42b2 (base 12) in base 16?
-adea6
What is -10202100 (base 3) in base 8?
-5260
What is -903094 (base 10) in base 7?
-10450633
What is -722500 (base 12) in base 4?
-12310121100
Convert -20a8176 (base 11) to base 8.
-16073240
What is -243679 (base 10) in base 4?
-323133133
Convert -20f00 (base 16) to base 7.
-1101221
What is a54b (base 12) in base 7?
103436
3320067 (base 8) to base 3
1200100221110
Convert 534522435 (base 6) to base 11.
5386425
-715003 (base 8) to base 7
-2002102
Convert 15145162 (base 7) to base 14.
296ad9
What is 404251 (base 8) in base 3?
20202211122
14154 (base 15) to base 9
107337
What is -1101322121 (base 4) in base 13?
-b9939
-c225 (base 15) to base 3
-2002012222
64b26a (base 12) to base 9
3001321
What is 198b7 (base 12) in base 11?
26263
358881 (base 10) to base 14
94b05
12151034 (base 7) to base 8
4115025
Convert -108761 (base 13) to base 14.
-a2267
Convert -21211021000112 (base 3) to base 14.
-7a3566
What is -e7ec (base 16) in base 15?
-128d2
21c31b (base 14) to base 10
1147605
What is -100101010101001011 (base 2) in base 6?
-3135523
What is -1c6f33 (base 16) in base 13?
-503263
-1067407 (base 8) to base 13
-a2344
What is -3a0ba67 (base 12) in base 15?
-1017884
What is 4590060 (base 11) in base 16?
7a6d26
What is 5a5bb (base 14) in base 12?
a7849
Convert 1ee57 (base 16) to base 10.
126551
-11263574 (base 10) to base 6
-1041230102
Convert 420401411 (base 5) to base 12.
6b6021
What is 8746 (base 9) in base 8?
14451
-444230313 (base 6) to base 9
-16120740
Convert -103312210 (base 4) to base 2.
-10011110110100100
1002022320 (base 4) to base 5
32133112
Convert 102012020201211 (base 3) to base 13.
1303b2b
What is -1046131 (base 7) in base 16?
-1f966
What is -114101232 (base 6) in base 4?
-20031330110
114124320 (base 5) to base 11
336954
-12200212101 (base 3) to base 4
-123120220
5096739 (base 10) to base 5
2301043424
What is -169870 (base 11) in base 6?
-5340333
What is 1206570 (base 8) in base 11?
206866
Convert 320b37 (base 13) to base 6.
41050042
Convert -4402423 (base 5) to base 4.
-102121203
What is -145045 (base 6) in base 15?
-427e
70a595 (base 12) to base 9
3272155
226764 (base 9) to base 7
1105066
-11001101010110011 (base 2) to base 6
-2130431
What is -111112112020 (base 3) in base 5?
-32011334
Convert 454006 (base 8) to base 4.
211200012
Convert -11000011101110100111100 (base 2) to base 11.
-3690721
Convert 2426073 (base 11) to base 6.
230314402
What is -21dd0 (base 16) in base 5?
-13414304
200322100 (base 5) to base 12
322506
Convert 11110111101001011 (base 2) to base 4.
132331023
1124232031 (base 5) to base 16
273a8b
What is -2814b (base 13) in base 9?
-123705
Convert 71991 (base 10) to base 3.
10122202100
-3202137 (base 8) to base 13
-23b3b1
What is -934a81 (base 15) in base 13?
-15b2189
40a39a4 (base 11) to base 14
d659b4
Convert -101010111111101110 (base 2) to base 12.
-85aba
-101111010010101010 (base 2) to base 15
-3c5db
-461b36 (base 12) to base 8
-4221432
Convert 7ecc5 (base 16) to base 4.
1332303011
Convert -515667 (base 13) to base 16.
-1cf296
What is 6568666 (base 10) in base 7?
106555426
What is -266148 (base 9) in base 8?
-474253
Convert -1102021020 (base 5) to base 12.
-967281
Convert -201333323 (base 6) to base 13.
-932ca3
Convert 2874924 (base 10) to base 6.
141341500
What is 282187 (base 10) in base 13?
9b599
799a68 (base 13) to base 12
b69381
1264837 (base 13) to base 16
57c0a3
Convert -10300550 (base 6) to 